True
Is 9236621 a prime number?
True
Is 201967561 composite?
True
Is 67229021 a composite number?
False
Is 31891061 prime?
True
Is 718057889 a prime number?
True
Is 64221578 a composite number?
True
Is 150899 a composite number?
True
Is 2730487 a composite number?
False
Is 2769451 composite?
False
Is 22107359 a prime number?
False
Is 42420713 a composite number?
True
Is 1337873 a prime number?
True
Is 3998567 composite?
False
Is 16637473 composite?
True
Is 30839579 a prime number?
True
Is 1450799 composite?
True
Is 13853923 a composite number?
False
Is 33024283 a prime number?
True
Is 47331827 a composite number?
False
Is 2004571285 composite?
True
Is 930766 composite?
True
Is 139763359 prime?
True
Is 8632319 a composite number?
True
Is 31589819 a composite number?
False
Is 342101 prime?
True
Is 97015903 composite?
False
Is 9886483 a composite number?
True
Is 427499 composite?
True
Is 569567 a composite number?
True
Is 947299 a prime number?
True
Is 75795077 a prime number?
True
Is 379961 composite?
True
Is 11738339 composite?
False
Is 2574007 a prime number?
True
Is 166414747 composite?
True
Is 3959894 a prime number?
False
Is 463093 a prime number?
True
Is 1734253 prime?
False
Is 50317919 prime?
True
Is 151271305 composite?
True
Is 1429757 composite?
True
Is 36201749 prime?
True
Is 244489978 a composite number?
True
Is 2771077 composite?
True
Is 2277305 a prime number?
False
Is 975323 a composite number?
False
Is 177404659 composite?
True
Is 32696699 composite?
True
Is 26878277 prime?
True
Is 33277271 a prime number?
False
Is 108646583 composite?
False
Is 2226299 prime?
False
Is 121285397 a composite number?
True
Is 44255863 prime?
False
Is 3016637 prime?
False
Is 76109159 a prime number?
False
Is 71819731 prime?
False
Is 36804137 a prime number?
True
Is 151896047 a composite number?
False
Is 5434981 a prime number?
True
Is 3177901 composite?
False
Is 402947861 prime?
True
Is 9474281 a prime number?
False
Is 59343809 a prime number?
False
Is 80143823 prime?
False
Is 20808523 a prime number?
False
Is 5344639 a prime number?
True
Is 421481 prime?
False
Is 57034843 composite?
False
Is 11438081 prime?
False
Is 18830507 composite?
False
Is 924517 prime?
False
Is 1356599 prime?
True
Is 94440281 a composite number?
True
Is 745413707 a composite number?
False
Is 2081237 prime?
True
Is 70897207 composite?
True
Is 284528653 a composite number?
True
Is 1494949 a composite number?
True
Is 9524243 composite?
False
Is 19826789 a composite number?
False
Is 41554483 prime?
False
Is 331498 composite?
True
Is 17367505 composite?
True
Is 5065553 a prime number?
False
Is 2923467 a prime number?
False
Is 83127259 a composite number?
True
Is 4597739 a prime number?
True
Is 85769813 prime?
True
Is 166903013 a composite number?
True
Is 1511371 a prime number?
True
Is 2670881 a prime number?
True
Is 41221 prime?
True
Is 1296307 a composite number?
True
Is 897933 prime?
False
Is 2446931 a prime number?
True
Is 99987 a prime number?
False
Is 118003961 a composite number?
True
Is 60016577 a composite number?
True
Is 5078191 composite?
False
Is 4911031 composite?
False
Is 18920203 prime?
True
Is 69758987 composite?
False
Is 2575487 a prime number?
True
Is 2528221 composite?
False
Is 43206047 composite?
True
Is 10404277 a prime number?
False
Is 32714057 prime?
False
Is 5800097 a composite number?
True
Is 1724339 a prime number?
True
Is 422299879 a prime number?
False
Is 5985043 a prime number?
False
Is 130702223 composite?
False
Is 82681 prime?
False
Is 22386593 a composite number?
True
Is 4543633 prime?
False
Is 29493017 composite?
True
Is 48651269 a composite number?
False
Is 306234827 prime?
True
Is 4041731 a prime number?
True
Is 1253543 a composite number?
True
Is 2679253 composite?
False
Is 5543981 a composite number?
False
Is 42916331 composite?
False
Is 9084211 a prime number?
True
Is 2695313 a prime number?
True
Is 218687347 a composite number?
True
Is 15312077 prime?
False
Is 267308413 a prime number?
True
Is 2728920973 composite?
False
Is 9262811 prime?
False
Is 2891255 prime?
False
Is 69751531 prime?
True
Is 201521569 composite?
False
Is 2333089 prime?
False
Is 578093 prime?
True
Is 21844423 a composite number?
True
Is 2076839 composite?
True
Is 5584291 prime?
False
Is 111917 composite?
True
Is 290753 a prime number?
False
Is 119425507 prime?
False
Is 28229183 prime?
True
Is 13161647 composite?
True
Is 31127 prime?
False
Is 8487587 a composite number?
False
Is 7221709 a prime number?
False
Is 74951387 a composite number?
True
Is 34994901 a prime number?
False
Is 3886679 composite?
False
Is 2039531 a prime number?
False
Is 58987613 prime?
True
Is 96519274 a composite number?
True
Is 2163911459 a composite number?
False
Is 9879847 a composite number?
True
Is 1247401 a composite number?
False
Is 302451445 composite?
True
Is 357317179 a composite number?
True
Is 260834361 a composite number?
True
Is 49259869 a prime number?
True
Is 874060003 composite?
True
Is 1513541 a composite number?
True
Is 224704033 a prime number?
True
Is 28285499 prime?
False
Is 1603003 composite?
True
Is 55906703 a prime number?
True
Is 3724121 a composite number?
True
Is 37677833 a composite number?
False
Is 102812083 a prime number?
False
Is 24691921 a composite number?
True
Is 2137249 a prime number?
False
Is 956689 composite?
False
Is 1013981 composite?
True
Is 1803799 a composite number?
False
Is 1114963 a composite number?
True
Is 25166077 prime?
True
Is 16965829 composite?
False
Is 787427 composite?
False
Is 47721131 composite?
False
Is 143149189 composite?
True
Is 19101437 a prime number?
True
Is 17562767 composite?
True
Is 341381273 a prime number?
True
Is 4827281 prime?
False
Is 3902023 a prime number?
False
Is 99198395 composite?
True
Is 107487587 a composite number?
False
Is 21477829 a prime number?
False
Is 28398457 a composite number?
True
Is 131135 prime?
False
Is 198672739 prime?
False
Is 890371 composite?
False
Is 351389 prime?
False
Is 353879 composite?
False
Is 1420927 a prime number?
False
Is 289762307 a prime number?
True
Is 65875769 a prime number?
False
Is 186198115 composite?
True
Is 10280477 composite?
False
Is 726265 a composite number?
True
Is 53409641 a prime number?
True
Is 570153413 prime?
True
Is 577721 prime?
True
Is 4953043 composite?
False
Is 11343217 a composite number?
True
Is 21661807 a composite number?
False
Is 13101667 prime?
False
Is 8908489 composite?
True
Is 664243 a composite number?
False
Is 263799733 prime?
True
Is 12008701 composite?
True
Is 608269 a composite number?
False
Is 33790853 a composite number?
False
Is 532720973 prime?
True
Is 6699863 prime?
False
Is 155664323 a composite number?
True
Is 56471431 prime?
True
Is 1329889 prime?
False
Is 1388593 prime?
True
Is 87289051 a prime number?
True
Is 5427061 a composite number?
False
Is 37526693 a composite number?
True
Is 5991989 composite?
False
Is 221567 a prime number?
True
Is 274546 a composite number?
True
Is 17454053 prime?
False
Is 40708582 a prime number?
False
Is 653843417 a prime number?
True
Is 1587824783 a prime number?
True
Is 53039361 prime?
False
Is 486767 a prime number?
True
Is 9991657 a composite number?
True
Is 11573173 prime?
True
Is 22353881 composite?
True
Is 21141335 a composite number?
True
Is 73653 a prime number?
False
Is 102113573 a prime number?
False
Is 20871566 prime?
False
Is 9331541 a prime number?
True
Is 14650847 a composite number?
True
Is 47754319 prime?
False
Is 400597 a composite number?
False
Is 4630783 prime?
False
Is 1542323 a prime number?
False
Is 14185559 composite?
False
Is 4642733 a composite number?
False
Is 15811778 composite?
True
Is 1245397 a composite number?
False
Is 2920103 a prime number?
False
Is 281101 composite?
True
Is 21849194 composite?
True
Is 345803 prime?
True
Is 16460891 prime?
True
Is 1725287 a prime number?
True
Is 12058757 a prime number?
True
Is 29135287 a composite number?
False
Is 4244729 a prime number?
True
Is 3646217 composite?
True
Is 12437171 composite?
False
Is 279915373 a prime number?
False
Is 45204577 a prime number?
False
Is 22548287 composite?
True
Is 7559311 prime?
True
Is 20411861 a prime number?
False
Is 22307861 a prime number?
False
Is 45308359 composite?
False
Is 4023686 a composite number?
True
Is 